tors of q?
2, 157
Suppose 4*j - 1528 = -4*m, 2829 = 5*m + 2*j + 907. Let q = m + -116. List the prime factors of q.
2, 3, 5
Suppose 40*u - 15*u - 21525 = 0. Suppose -11*x + 2153 + u = 0. What are the prime factors of x?
2, 137
Suppose 0 = 155*f + 68*f - 833751 - 2582386. What are the prime factors of f?
15319
Let a(f) = -995*f**3 - 5*f**2 + 9*f + 13. List the prime factors of a(-2).
3, 5, 23
Let s be (-1)/(-2)*(-20972 - -2)/5. Let w = s + 3275. What are the prime factors of w?
2, 19, 31
Suppose 545173 = -17*m + 178653. List the prime factors of (-7)/42 - m/48.
449
Let o(p) = -35*p + 57. Let t be o(5). Let c = t - -113. List the prime factors of c + (2 - 3 - -93).
3, 29
Suppose 4*l + 10*w - 76 = 6*w, -2*l + 34 = 4*w. Let z(j) = j**3 - 18*j**2 + 3*j + 3. What are the prime factors of z(l)?
3, 463
Let o(t) = 634*t - 2069. List the prime factors of o(21).
5, 13, 173
Let v(a) = 859*a + 423. List the prime factors of v(2).
2141
Let s be (-38)/(-5) - (-6)/15. Let a be (-8)/(s/(-45)) - 2*1. Let b = -17 + a. What are the prime factors of b?
2, 13
Let p(j) = -1104*j + 96. What are the prime factors of p(-9)?
2, 3, 11, 19
Let d(b) = 2*b**2 + 76*b - 216. List the prime factors of d(34).
2, 3, 5, 13
Suppose -3*s - 46 = -b - 813, -5*s = 5. Let y = b + 1239. What are the prime factors of y?
7, 67
Suppose 90 = 209*g - 212*g. What are the prime factors of g/(-18)*3 - (-584 + -5)?
2, 3, 11
Let b(t) = 3241*t - 3859. List the prime factors of b(11).
2, 1987
Suppose 5*g - 3199 = 3*b, -g - 5*b + 651 = -0*g. Suppose -2*w = -5*z - g, 0 = -2*z - 3 + 1. What are the prime factors of w?
2, 3, 53
Let m be (-9)/(-21) - (-2487)/(-63)*3. Let s = -113 - m. Suppose 0 = s*d - q - q - 936, -q = -d + 189. What are the prime factors of d?
2, 3, 31
Let j(h) = 631*h**2 - 120*h + 523. List the prime factors of j(6).
7, 3217
Suppose -3*b - 2*t = 26, 2*b - 2*t + 18 = -4*t. What are the prime factors of b*2*(-246)/24?
2, 41
Let f(m) = 9*m**2 - 40*m + 507. What are the prime factors of f(-25)?
2, 1783
Suppose 2*q - 20164 = 5*x, 106*q + 2*x - 30284 = 103*q. What are the prime factors of q?
2, 3, 29
Let t be (-8)/(-10) - (-20064)/(-80). Let a = 360 + t. List the prime factors of a.
2, 5, 11
Let w(r) = -2363*r + 115. What are the prime factors of w(-2)?
47, 103
Let m be 2*-2*(-2)/8. Suppose -m + 16 = 5*h. What are the prime factors of (-4)/(3 + -15)*h*85?
5, 17
Suppose -42 + 39 = -f. Suppose 0 = f*h + 2*x + 388, 5*h - 2*h - 5*x = -374. Let m = -33 - h. What are the prime factors of m?
5, 19
Suppose -o - 3*y = -13344, -2039*y - 66608 = -5*o - 2040*y. List the prime factors of o.
2, 3, 5, 37
Suppose 5*f = -15, -4*f - f - 253 = -q. List the prime factors of q + 5*(-30)/25.
2, 29
Suppose 0 = -192*f + 188*f + 16. Suppose -5*m = -m - g - 5683, 0 = -f*m - 3*g + 5703. List the prime factors of m.
2, 3, 79
Let x(l) = 4*l**3 + 2*l**2 - l + 3. Suppose 0 = -4*y + 3*d + 17, 0 = 6*y - 5*y - d - 5. What are the prime factors of x(y)?
41
Let p = -98 - -118. Suppose -24*u + 352 = -p*u. List the prime factors of u.
2, 11
Let v(i) = i**3 + 2*i**2 + 3*i - 4. Let z be 116/(-6) + (-26)/39. Let x = z - -22. What are the prime factors of v(x)?
2, 3
List the prime factors of ((-24758)/(-3))/(410/2460).
2, 12379
Suppose 0 = -230*w + 818439 + 2990821. What are the prime factors of w?
2, 7, 13
Let s(a) = 2*a**3 - 10*a**2 + 13*a - 11. Suppose -2*k + 9*x = 6*x - 14, -3*x + 28 = 4*k. What are the prime factors of s(k)?
2, 3, 23
Suppose 30 = -3*i - 96. Let u = 43 + i. List the prime factors of (u + -2)/((-4)/488).
2, 61
Let i(p) = 1. Let n(m) = 4*m + 8. Let f = -82 + 86. Let s(h) = f*i(h) - n(h). What are the prime factors of s(-7)?
2, 3
Let c = -19 + 23. Suppose -9*r + 611 + 118 = 0. Suppose 3*n = 2*k - 45, 3*k + 22 = -c*n + r. List the prime factors of k.
3, 7
Let j = 120 + -81. Let v = j + -36. Suppose -v*y + 2*h + 808 = -0*h, h = 4*y - 1079. What are the prime factors of y?
2, 3, 5
Let l(g) = 8*g - 46. Let b be l(5). Let u be (16/6)/((-32)/b - 5). Suppose 3*z + 2*q + 758 = u*z, -q = -2*z + 303. List the prime factors of z.
2, 19
Suppose 2*y = -g + 9, 0 = -3*y - 2*y - 3*g + 23. Let z be (7386/18 - -2) + y/6. Suppose -10*o = -z - 137. List the prime factors of o.
5, 11
Suppose -6*c = -23509 - 202607. List the prime factors of c.
2, 3, 11, 571
Let t(m) = -557*m + 268. What are the prime factors of t(-21)?
5, 2393
Let y = -7752 + 12487. List the prime factors of y.
5, 947
Suppose 3*u - 75148 = -2*p, 4*u = 3*p + 172023 - 71803. List the prime factors of u.
2, 6263
Let s be 199 + 21 - (-1 - -4). Let v = s - -44. List the prime factors of v.
3, 29
Let l(z) = -z**2 + 5*z + 7. Let w be l(6). Let f be 1*4/(-8)*(1 + w). Let a(x) = -96*x + 1. List the prime factors of a(f).
97
Suppose 0 = 2*t - 4*w - 124204, 150 = 5*w + 135. List the prime factors of t.
2, 15527
Let p be (1*-1)/((-31)/124). Suppose 0 = 2*f - f - p, f + 812 = 3*a. List the prime factors of a.
2, 17
What are the prime factors of 19222376/584 + (-30)/1095?
5, 29, 227
Let y(q) = -q**3 + 3*q - 1. Let a be y(5). Let o = a + 115. List the prime factors of 124 + 8/(-20)*(o + 1).
2, 61
Let k(r) = 4*r**3 - 2*r**2 - 3*r - 3. Let y be k(2). Suppose y*u - 6*u - 1440 = 0. Let o = 320 - u. What are the prime factors of o?
2, 5
List the prime factors of (-193435)/(-5) - -3*-8*(-3)/(-18).
101, 383
Let s = 214 + -209. Suppose -3*m - 3*r = -68 - 1327, 0 = -2*m - s*r + 921. What are the prime factors of m?
2, 3, 13
Let f = -36 + 88. Let c = f - -218. Let p = c - 191. What are the prime factors of p?
79
Suppose 21*s - 2 = 19. Let y(l) = 261*l**2 + 6*l - 6. What are the prime factors of y(s)?
3, 29
Suppose -2*m + 7 = -2*h - 1, 8 = -h + 2*m. Suppose 4*x + 7840 = 5*v, 2*x = 3*v - h*v - 4702. What are the prime factors of (v/(-85))/((-4)/50)?
2, 5, 23
Suppose 0 = 2*x - 4, 14*t - 9*x - 64030 = 12*t. What are the prime factors of t?
2, 4003
Suppose 2*c - 7176 = -2*i, 23*i = 18*i - 3*c + 17938. What are the prime factors of i?
17, 211
List the prime factors of 6/(-2)*-3707 + 3.
2, 3, 103
What are the prime factors of ((-23789)/(-12) + 2/(-12))/((-3)/(-8))?
2, 3, 881
Let u(h) = -h**3 + 23*h**2 - 35*h - 11. List the prime factors of u(20).
3, 163
Suppose 5*z + 3*h = -h - 4, 5*z + 3*h = -3. Suppose z*p + 5*a = -p + 405, -5*p = -a - 2051. List the prime factors of p.
2, 5, 41
Let m(n) = -102*n - 5. Let b be m(3). Let g = 667 + b. List the prime factors of g.
2, 89
Let b be (-2)/(-22) + (-463182)/(-66). Suppose -12*a = -2450 - b. List the prime factors of a.
3, 263
Let j(z) = 2*z**2 + z + 5. Let l be j(3). Suppose 2514 = -l*m + 32*m. What are the prime factors of m?
419
Suppose -3*k = 12, 2*k = -5*a + 35 + 2. Let b(r) = 3*r**2 - 5*r - 1. List the prime factors of b(a).
197
Let h be 15/6*(-8)/(-10). Suppose 16*x = 8*x + 40. Suppose -5*f + q = -372, 380 = x*f - 7*q + h*q. What are the prime factors of f?
2, 37
Let a be ((-124)/(-16))/(2/8). Let v = 10 - a. Let c = v + 32. List the prime factors of c.
11
Suppose 5*x - 755 = 3*g, -2*x + 4*g + 286 = -2. Suppose 0 = -i + k - 45 + 189, 4*k = -i + x. What are the prime factors of i?
2, 73
Let c = 510 + -519. What are the prime factors of 1284 - 8/(-36)*c?
2, 641
Suppose -151*h = 78*h - 3533928. List the prime factors of h.
2, 3, 643
Let l(c) = c**3 - 6*c**2 - 2*c + 14. Let j be l(6). Let f(u) = 230*u**3 + 5*u**2 - 10*u + 12. What are the prime factors of f(j)?
2, 463
Suppose -5*x - x = 420. Let i = x + 146. Let u = 116 - i. List the prime factors of u.
2, 5
Let w(n) = 6*n**3 + 13*n**2 - 19*n + 28. Let l be w(8). Suppose -l = -21*y + 11*y. List the prime factors of y.
2, 3, 7
Suppose 295 = 5*n - 5*i, -n + i - 3*i + 59 = 0. Let v = n + -24. Suppose -v*g - 200 = -40*g. What are the prime factors of g?
2, 5
Suppose w + 170408 = -9*l + 11*l, 2*w = -5*l + 425993. List the prime factors of l.
85201
Let y(b) = -b**3 - 4*b**2 + 10*b + 1. Let o = 19 + -25. What are the prime factors of y(o)?
13
Let z(c) = 217*c + 202. Let g be z(5). Suppose -r = 3*d - 413, g = 10*r - 7*r - 3*d. List the prime factors of r.
5, 17
Let x(c) = -7404*c - 75. What are the prime factors of x(-5)?
3, 5, 821
Let f(m) = 1537*m**2 + 3*m - 12. What are the prime factors of f(2)?
2, 37, 83
Let s = -34 + 35. Let k(j) = j + 1. Let u(r) = -12*r + 33. Let a(i) = s*u(i) + 4*k(i). List the pr